*t**2 + 0*t + 0*t. What is the units digit of z(n)?
2
Suppose -45*b + 6080 = -7*b. Let n(f) = -3*f - 1. Let g be n(-2). Suppose 0 = 4*v - v - z - 92, -g*z - b = -5*v. What is the units digit of v?
0
Suppose -17 = k - x, -3*x = 5*k - x + 113. Let n = k - -83. What is the tens digit of n?
6
Let c(s) = -s**3 + 3*s**2 + 3*s - 4. Let y be c(3). Suppose -5*f - 8 = -n, -y*n + 18 = -4*f - 1. What is the tens digit of (38/(-4))/(f/2)?
1
Let d = -3 - -21. Let t = d + -15. Suppose -2*a - 2*k = 3*k - 82, 0 = -t*a + 5*k + 173. What is the tens digit of a?
5
Let g = -2484 + 2772. What is the tens digit of g?
8
Let x(n) = -n**3 + 6*n**2 + 2. Let h be x(6). Suppose 64 = -h*b - 5*p, 2*p = -4*b - 192 + 48. Let i = 56 + b. What is the tens digit of i?
1
Suppose -27*j + 23*j - 5522 = -3*p, -3*p = 3*j - 5508. What is the thousands digit of p?
1
Let k(a) be the second derivative of -25*a**3/6 - 2*a**2 + 22*a. What is the units digit of k(-5)?
1
Suppose -o = 2*c - 990, 3*c + 500 = 4*c + 3*o. What is the tens digit of c?
9
Suppose -6*g - 8*g + 966 = 0. Suppose 7*s - g = 4*s - 3*b, 67 = 3*s + 4*b. What is the units digit of s?
5
Let a = 267 - 9. What is the tens digit of (-3)/(-6) - a/(-4)?
6
Let t(p) = 3*p**3 - 9*p**2 + 70. What is the units digit of t(9)?
8
What is the units digit of (14/6 + 0)*2133/9?
3
Let b = -56 - -61. Suppose 3*n + 546 = b*t, -5*t + 391 + 139 = 5*n. What is the units digit of t?
8
Let d = 37 - 36. What is the tens digit of 45 + (d + -2 - -1)?
4
Let q be 71 - (1 - (-2 + 2)). Let t = 2 + q. Let h = t - 25. What is the units digit of h?
7
Let i(c) = -c**3 - 2*c**2 + 3*c + 2. Suppose 0 = 3*u + u + 12. What is the units digit of i(u)?
2
Suppose -1546 = 74*g - 75*g. What is the thousands digit of g?
1
Let q(s) be the second derivative of -s**5/60 + s**4/8 - 7*s**3/6 + 4*s. Let h(x) be the second derivative of q(x). What is the tens digit of h(-7)?
1
Suppose -12563 = -15*w + 6427. What is the units digit of w?
6
Suppose k = 5*k + 3*g - 3013, -3*k + 5*g + 2296 = 0. What is the units digit of k?
7
Let l = -32 - -323. What is the units digit of l?
1
Let q be (-4 + 1)*(-4)/6. Suppose 2*v + 43 = a, v - 53 = -a - 2*v. Suppose -4*b + 158 = -b + q*f, 0 = b - 5*f - a. What is the tens digit of b?
5
Suppose -r - 1287 = -0*r. Let g = -1308 + r. What is the units digit of g/(-45) - (-2)/(-3)?
7
Suppose 0 = -111*h + 80*h + 35619. What is the thousands digit of h?
1
Let w = 282 - 179. Let b = w + -62. What is the tens digit of b?
4
Let o = -150 - -277. What is the hundreds digit of o?
1
Let j(i) = -176*i - 51. What is the hundreds digit of j(-5)?
8
Suppose -8 = 4*r, -8*j + 6 = -3*j - 3*r. Suppose -267 = -3*t - j*t. What is the units digit of t?
9
Suppose -18 = -4*l + 6. Let i(z) = z**3 - 6*z**2 + 9*z + 9. What is the units digit of i(l)?
3
Let q(l) = l**3 - l**2 - 5*l + 55. What is the hundreds digit of q(13)?
0
Let r(p) = -p**2 + 12*p + 17. Let z be r(13). Suppose z*b + 456 = -0*b. What is the tens digit of b/(-8) + (-8)/32?
1
Suppose 5*i - 2*q = i + 2704, 5*i = 3*q + 3382. What is the tens digit of i?
7
Suppose 2*h = -5*c + 968, 8*h - 4*h + 2*c - 1920 = 0. What is the tens digit of h?
7
Suppose 8 = -62*a + 58*a. What is the units digit of -4*2*(a + 0)?
6
Let o = 17 + -16. What is the tens digit of 110 - ((-3)/o - -2)?
1
Let q = 4983 - 3214. What is the hundreds digit of q?
7
Let w(f) = 2*f**3 + f - 1. Let v be w(1). Suppose -3*q + v*q + 2*j + 68 = 0, 204 = 3*q - 5*j. What is the tens digit of q?
6
Let z be (-3)/(-12) - (-39)/(-12). Let a be 14/6 + z/9. Suppose a*p - 5*p = -24. What is the units digit of p?
8
What is the units digit of (14/4)/((-6)/(-708))?
3
Suppose -472 = -4*v - 0*v. What is the tens digit of v?
1
Let j = 3886 - 558. What is the thousands digit of j?
3
Suppose 4*y + 4*x = 2*x - 6, x + 1 = -4*y. Suppose 46 = 3*k + y. What is the tens digit of k?
1
What is the hundreds digit of 37908/54 - (-5)/1?
7
Let f(j) = -113*j - 184. What is the tens digit of f(-6)?
9
Suppose 4*i = 3*j + 32, 3*i - 2*j + 4*j - 7 = 0. Suppose 12 = i*g - 3. Suppose g = -h + 5. What is the units digit of h?
2
Let y(b) be the first derivative of -21*b**2/2 - 11*b - 46. What is the tens digit of y(-4)?
7
Let w be (-2*(-3)/(-3))/2. Let j = 3 - w. Suppose 0 = v + 5*f - 26, -v + 0*f = -j*f + 1. What is the tens digit of v?
1
Suppose 7*a - 4*c - 4909 = 2*a, -3*a + 3*c + 2943 = 0. What is the tens digit of a?
8
Let m(o) = 3*o**2 - 36*o + 56. What is the hundreds digit of m(-12)?
9
Let d(g) be the second derivative of -5*g**4/12 + 2*g**3/3 - 3*g**2/2 - 6*g. Let p be d(2). Let q = 32 + p. What is the tens digit of q?
1
What is the hundreds digit of ((-108)/(-42))/(9/5670)?
6
Let q(t) = t**2 + 8*t - 2. Let y be q(-6). Let k = 59 + -38. Let i = y + k. What is the units digit of i?
7
What is the units digit of (9/(-6))/((-3)/256)?
8
Let n = 2070 - 378. What is the thousands digit of n?
1
Suppose -6*y - 28 = -13*y. Suppose -y*g + 4 = 5*z, -z - 13 = 4*g - 1. Suppose z*k + 5*f = 6 + 167, -4*k + 203 = -5*f. What is the tens digit of k?
4
Let s(t) = 7*t**2 - 20*t + 14. Let x(b) = -4*b**2 + 10*b - 7. Let j(l) = 3*s(l) + 5*x(l). Let u be j(9). What is the tens digit of 24 + (-1 - 0/u)?
2
Let a be (6/(-9))/(-1 - (-15)/9). What is the tens digit of a/(-6) - 2756/(-24)?
1
Suppose 2*c - 3*b = 108, -5*b - 267 = -5*c + 3. What is the units digit of c?
4
What is the tens digit of (-3)/15 + (-7)/(105/(-1068))?
7
Let w(s) = s**3 - 6*s**2 - 10*s - 8. Let v be w(9). Suppose -20 = 4*p, -v = -3*a + 2*p + 261. Let t = 201 - a. What is the units digit of t?
9
Let f(p) = p**3 - 14*p**2 + 8*p - 13. Let i be f(13). Let h = i + 194. What is the hundreds digit of h?
1
Suppose -6*v + 48 = -12*v. Let x(j) = -7*j + 2. What is the units digit of x(v)?
8
Let w = 17 + -10. Let s = 44 - w. What is the tens digit of s?
3
Let o(h) = -163*h - 2. Let c be o(-3). Suppose -3*k = 1265 + c. What is the tens digit of k/20*10/(-4)?
7
Let y(g) = 8*g - 4. Let i be y(6). Let k = 61 - i. What is the tens digit of k?
1
Suppose -2*j - 6418 = -2*x + 212, 2*x + 5*j = 6651. What is the hundreds digit of x?
3
Let r = 185 - 90. Suppose -3*m = -4*l + 156, -5*m - r + 31 = -2*l. What is the units digit of (0 + 6)*434/l?
2
Let f = -4759 + 7438. What is the tens digit of f?
7
Let d be 63/(-15) + (-3)/45*-3. Let r = d - -11. What is the units digit of r?
7
Let h = -23 - -29. Let j(l) = l**3 - 5*l**2 - 8*l - 3. Let t be j(h). What is the units digit of (-36)/(t/9 - -1)?
4
Let w(n) = n**3 - 8*n**2 + 11*n + 1. What is the tens digit of w(8)?
8
Let g = 8529 - 4649. What is the thousands digit of g?
3
Let f = -1627 - -4587. What is the tens digit of f?
6
Suppose 2*n - 1281 = z, -2*n - 4*z + 1286 = -6*z. What is the hundreds digit of n?
6
Let v(n) = -5*n**3 + n**2 - 5*n + 78. What is the hundreds digit of v(-9)?
8
Let r be (-4 + 11)*2/7. Suppose -r*q + 68 + 54 = 0. Let c = q - 7. What is the tens digit of c?
5
Let l(a) = a**3 + 7*a**2 - 38*a + 9. Let v be l(6). Suppose 7*j - v = 640. What is the tens digit of j?
2
What is the tens digit of (3/5 + (-644)/140)*-9?
3
Let z(u) = 3 - u + u**2 - 1 + 2 - 3*u**2. Let m be z(2). Let b(n) = n**3 + 6*n**2 - 5*n - 7. What is the tens digit of b(m)?
2
Let l = -7 + 14. Let m be -2 - l/(14/(-52)). Let x = m - 6. What is the tens digit of x?
1
Suppose -2*v + 4 = -2. Suppose 4*j + 3*j = 0. What is the tens digit of v + 14 + 0 + j?
1
Let m(a) = 4*a**3 - 2*a**2 + 5*a - 4. Suppose 0 = -d + 6 - 3. What is the units digit of m(d)?
1
Let a(v) = 4*v**2 - 3*v + 1. Let d be a(2). Suppose -2*b = 5 - d. Suppose b*z + 44 = 3*i + 2*z, -2*i + 4*z = -36. What is the tens digit of i?
1
Suppose 0 = 5*h - 19*h - 1428. Let c = 228 + h. What is the tens digit of c?
2
Suppose -4*y = -r + 9, 3*y + 2*r + 2 = y. What is the tens digit of 3/y - -2 - (-322)/4?
8
What is the hundreds digit of ((-159)/6 + 3)/(6/(-156))?
6
Let a(w) = w**2 - 9*w + 2. Let x be a(7). Let d be (-6)/x - 30/(-4). Suppose 4*k = -3*z + 49, -d = -3*k - 3*z + 28. What is the units digit of k?
3
Let k be (-9)/((-36)/160) + 1. Let x = k - -3. Suppose 5*f = 66 + x. What is the tens digit of f?
2
Let q(r) = -4*r**3 + 2*r**2 + 6. Suppose 31*b = 29*b - 6. What is the units digit of q(b)?
2
Suppose -2*m = -6*m - 8, -u + 103 = 3*m. Let y = u + -59. What is the tens digit of y?
5
W